053411300
In base 5, what is 40041343131 + -2?
40041343124
In base 4, what is 200000 - 12302102?
-12102102
In base 6, what is 2004304221 - 5?
2004304212
In base 11, what is a2 - -39a68?
3a05a
In base 10, what is 4 + 1950427?
1950431
In base 15, what is 11 - -169cbb?
169ccc
In base 7, what is -21 + 53440655?
53440634
In base 7, what is 4034 - -3566402?
3603436
In base 13, what is -22229 - 44?
-22270
In base 16, what is 1f + 1d70b?
1d72a
In base 15, what is d64d8 + -d?
d64ca
In base 15, what is 157 + -a730b?
-a71a4
In base 6, what is -105 - 1224531?
-1225040
In base 15, what is 8dc132 - -c?
8dc13e
In base 13, what is -1a6 + 2730?
2557
In base 10, what is -5031 - 4200?
-9231
In base 14, what is 423 - -1344?
1767
In base 3, what is -100212100 + 2111001221?
2010012121
In base 15, what is 2534ddc1 - -3?
2534ddc4
In base 3, what is 20102210010 - -11000?
20102221010
In base 11, what is 60 - 2752a56?
-27529a6
In base 15, what is 5 - -27312b2?
27312b7
In base 12, what is 31492 - 370?
31122
In base 6, what is -210354205 + 31?
-210354134
In base 7, what is 151441 - -454?
152225
In base 4, what is 202122 - -1210320?
2013102
In base 15, what is -25e0 - 3ed5?
-65c5
In base 11, what is 11a - -426687?
4267a6
In base 13, what is -42 + 4b5897?
4b5855
In base 12, what is 2848a62 - -14?
2848a76
In base 3, what is -1002111 - 120220110?
-121222221
In base 12, what is -2b5 - -42449?
42154
In base 8, what is -1 - -207147370?
207147367
In base 15, what is -5 + -7537a0?
-7537a5
In base 2, what is 11010010010 - 10110111110100?
-10011101100010
In base 16, what is -f - -59567e?
59566f
In base 16, what is 1ae8ed6 - -1?
1ae8ed7
In base 8, what is -30001 - 1647?
-31650
In base 9, what is 5 - 3242101?
-3242085
In base 2, what is 110011000010101100 + -101111111?
110010111100101101
In base 7, what is -4 + -2406065663?
-2406066000
In base 8, what is 4 + -27640633?
-27640627
In base 8, what is 422 - 6423?
-6001
In base 5, what is -13222302343 + 20?
-13222302323
In base 13, what is -145 + b885?
b740
In base 11, what is 8605 + -327?
8289
In base 13, what is -1a984 + 26c3?
-18291
In base 16, what is -15fd6a5 - -5?
-15fd6a0
In base 7, what is -11232 - -233204?
221642
In base 16, what is 99 - 34e50?
-34db7
In base 9, what is 587 - -10386?
11084
In base 2, what is -10111011011111 + -110010100101000?
-1001010000000111
In base 13, what is 1b5a + 182b?
3688
In base 14, what is -45 + 24239?
241d4
In base 8, what is -1066 - 114577?
-115665
In base 14, what is 4c14b1c + 2?
4c14b20
In base 4, what is 12 + -3321013211?
-3321013133
In base 11, what is -18 + 24255?
24238
In base 8, what is 15154 - 10732?
4222
In base 9, what is 6 - -2138056?
2138063
In base 6, what is -424 - -210513?
210045
In base 14, what is -559a + -4?
-55a0
In base 2, what is 1010110110001 - -11010100101000?
100101011011001
In base 7, what is -120656 + 23?
-120633
In base 14, what is -189a76 + 20b?
-189869
In base 5, what is 3340111 - -14?
3340130
In base 12, what is 12 - 176b784?
-176b772
In base 11, what is -1 + 14680099?
14680098
In base 5, what is -3400 + -1030410000?
-1030413400
In base 2, what is -1010001011001 + -1001110001000111111?
-1001111011010011000
In base 7, what is -41151 + -1312?
-42463
In base 10, what is -164426 - 32?
-164458
In base 9, what is 3822 + 21412?
25334
In base 3, what is 12 - 1000012020201?
-1000012020112
In base 16, what is -c - -2a5dc?
2a5d0
In base 11, what is -4 + -594534?
-594538
In base 5, what is -2041213412323 + -4?
-2041213412332
In base 12, what is -1b178869 - -3?
-1b178866
In base 15, what is -13 + d828b?
d8278
In base 5, what is 1131302 - 111214?
1020033
In base 6, what is -14350152 + 5?
-14350143
In base 10, what is -1 + 65825784?
65825783
In base 5, what is -10302 - 201244?
-212101
In base 15, what is 5 - 951b5b?
-951b56
In base 7, what is -2544 - -1546511?
1543634
In base 6, what is -115 - 540112240?
-540112355
In base 2, what is 110100101110111111111110 + 1?
110100101110111111111111
In base 13, what is b0 - -31caa?
3208a
In base 2, what is 101101100110001000011010 - -10?
101101100110001000011100
In base 8, what is 713 - 135514?
-134601
In base 3, what is 12121220 - 1100021?
11021122
In base 7, what is 621235 - 265?
620640
In base 12, what is 108a6a3 + 6?
108a6a9
In base 7, what is 16142146 + -5?
16142141
In base 10, what is -29958846 - -16?
-29958830
In base 2, what is -100000110100001001001011 + 100101?
-100000110100001000100110
In base 10, what is -41 + -79061?
-79102
In base 2, what is -1101 - -1010000011000100?
1010000010110111
In base 13, what is -19bc - 39cb6?
-3b9a5
In base 5, what is -1344111 - -14014?
-1330042
In base 9, what is 7233284 - -1?
7233285
In base 6, what is -54353 + -142?
-54535
In base 8, what is -7655 + 253564?
243707
In base 15, what is -107 - -1e22a?
1e123
In base 6, what is 4 + 5055550425?
5055550433
In base 10, what is 53 + 142766?
142819
In base 6, what is 243000133543 + -5?
243000133534
In base 6, what is -424255 + 103111?
-321144
In base 11, what is -9670 - a858?
-19418
In base 8, what is -6 - -47600052?
47600044
In base 11, what is -384 + -42a0?
-4674
In base 16, what is -1b86c + 16a?
-1b702
In base 13, what is 4 + 403ca3?
403ca7
In base 15, what is 354 - -3a9b?
3e00
In base 12, what is 21701258a + 3?
217012591
In base 8, what is -756 + 1303174?
1302216
In base 10, what is 5 - -3603866?
3603871
In base 4, what is -3023303212 + -1321?
-3023311133
In base 5, what is 333030 - -400?
333430
In base 5, what is 42321123440 - 4?
42321123431
In base 8, what is -6616 - 10224?
-17042
In base 3, what is -2000102110020 - -111?
-2000102102202
In base 10, what is -23 - -17548975?
17548952
In base 2, what is -11001101000001110100111 - -10110010?
-11001101000001011110101
In base 5, what is -124 + 1232342124?
1232342000
In base 14, what is -1517b27 + -5?
-1517b2c
In base 4, what is -10010110 - 101122?
-10111232
In base 2, what is 10101000011010101111001000 + -1000?
10101000011010101111000000
In base 7, what is -36420534 + 4?
-36420530
In base 6, what is -111342 - -10254?
-101044
In base 14, what is 20931525 - 0?
20931525
In base 8, what is -165107034 - 11?
-165107045
In base 10, what is -2796 - -12026?
9230
In base 4, what is 22132 - -121021?
203213
In base 7, what is -34365161 + 243?
-34364615
In base 12, what is 22620 + -120?
22500
In base 3, what is 101010221 - 1121000001?
-1012212010
In base 2, what is -1100001001 - -10110000111110101?
10101111011101100
In base 12, what is 5357851 - -3?
5357854
In base 2, what is 111111001100010001111011 + -1?
111111001100010001111010
In base 7, what is -2232350 + 4034?
-2225313
In base 10, what is 191 + 5067?
5258
In base 15, what is -2 - bc613?
-bc615
In base 10, what is 1393838 + -52?
1393786
In base 3, what is 202 + -222211200201?
-222211122222
In base 15, what is -b62c02 - b?
-b62c0d
In base 8, what is -142 + -427042?
-427204
In base 2, what is -101100111 - -1110101011001111010?
1110101010100010011
In base 13, what is -5 - 226299?
-2262a1
In base 2, what is -1 + 110000111111111100110111?
110000111111111100110110
In base 7, what is 1153341 + -45266?
1105042
In base 4, what is 33321230200311 - 2?
33321230200303
In base 8, what is 21667124 + -3?
21667121
In base 16, what is 2 - -13a89e7?
13a89e9
In base 9, what is 161057 - 4054?
156003
In base 15, what is -278 + 10db8?
10b40
In base 7, what is 53116514 - 3?
53116511
In base 15, what is 4 + -263196?
-263192
In base 7, what is -6 - -226524653?
226524644
In base 6, what is 54 + -25451?
-25353
In base 11, what is 1 - 1817118?
-1817117
In base 8, what is 600 - 135375?
-134575
In base 11, what is -691 + -3a2197?
-3a2878
In base 12, what is -424 - -70a8?
6884
In base 4, what is 1 - 220323023103?
-220323023102
In base 15, what is -166ce7b - 0?
-166ce7b
In base 4, what is -3113323323 - -10031?
-3113313232
In base 4, what is 12 + -230021000202?
-230021000130
In base 2, what is -11 + 100101001100010000110000101?
100101001100010000110000010
In base 7, what is -3 - 2325010663?
-2325010666
In base 5, what is 2034 + 101321424?
101324013
In base 16, what is -1 + -5f2da?
-5f2db
In base 10, what is -13810470 - -11?
-13810459
In base 16, what is ca5b7d - 1a?
ca5b63
In base 11, what is 26353609 + 1?
2635360a
In base 16, what is e - 17a1f?
-17a11
In base 16, what is -2 + -13b9bea?
-13b9bec
In b